1
What is the hundreds digit of 1553?
5
What is the thousands digit of 30191?
0
What is the ten thousands digit of 132446?
3
What is the thousands digit of 31528?
1
What is the ten thousands digit of 109668?
0
What is the ten thousands digit of 25370?
2
What is the hundreds digit of 1230?
2
What is the thousands digit of 44608?
4
What is the ten thousands digit of 16713?
1
What is the thousands digit of 1327?
1
What is the tens digit of 353?
5
What is the units digit of 10612?
2
What is the hundreds digit of 153671?
6
What is the hundreds digit of 81373?
3
What is the units digit of 3454?
4
What is the thousands digit of 2195?
2
What is the ten thousands digit of 61825?
6
What is the tens digit of 442?
4
What is the tens digit of 686?
8
What is the ten thousands digit of 24546?
2
What is the units digit of 1488?
8
What is the units digit of 2005?
5
What is the thousands digit of 4891?
4
What is the hundreds digit of 1605?
6
What is the units digit of 29539?
9
What is the units digit of 89?
9
What is the hundreds digit of 573?
5
What is the units digit of 36841?
1
What is the ten thousands digit of 62481?
6
What is the units digit of 4150?
0
What is the tens digit of 1133?
3
What is the hundreds digit of 739?
7
What is the hundreds digit of 3222?
2
What is the units digit of 14988?
8
What is the units digit of 52339?
9
What is the ten thousands digit of 18207?
1
What is the units digit of 6434?
4
What is the tens digit of 1052?
5
What is the units digit of 594?
4
What is the tens digit of 26845?
4
What is the tens digit of 1629?
2
What is the units digit of 878?
8
What is the tens digit of 54420?
2
What is the hundreds digit of 1250?
2
What is the tens digit of 2911?
1
What is the hundreds digit of 10214?
2
What is the units digit of 19642?
2
What is the hundreds digit of 471?
4
What is the hundreds digit of 668?
6
What is the hundreds digit of 33336?
3
What is the hundreds digit of 2487?
4
What is the hundred thousands digit of 104600?
1
What is the units digit of 296?
6
What is the units digit of 1686?
6
What is the units digit of 13294?
4
What is the hundreds digit of 4965?
9
What is the thousands digit of 6233?
6
What is the tens digit of 31932?
3
What is the tens digit of 1050?
5
What is the tens digit of 4852?
5
What is the hundreds digit of 1132?
1
What is the thousands digit of 92154?
2
What is the hundreds digit of 536?
5
What is the units digit of 10242?
2
What is the hundreds digit of 18932?
9
What is the thousands digit of 7194?
7
What is the tens digit of 2721?
2
What is the tens digit of 115605?
0
What is the tens digit of 1005?
0
What is the hundreds digit of 1379?
3
What is the ten thousands digit of 58069?
5
What is the units digit of 42928?
8
What is the units digit of 2627?
7
What is the units digit of 438?
8
What is the thousands digit of 13188?
3
What is the hundreds digit of 663?
6
What is the tens digit of 10599?
9
What is the hundreds digit of 2734?
7
What is the ten thousands digit of 29136?
2
What is the units digit of 137?
7
What is the hundreds digit of 702?
7
What is the tens digit of 12709?
0
What is the units digit of 2275?
5
What is the units digit of 346?
6
What is the thousands digit of 11355?
1
What is the tens digit of 105?
0
What is the units digit of 878?
8
What is the hundreds digit of 2004?
0
What is the hundreds digit of 38498?
4
What is the tens digit of 1631?
3
What is the tens digit of 28057?
5
What is the hundreds digit of 52886?
8
What is the ten thousands digit of 54339?
5
What is the units digit of 1075?
5
What is the tens digit of 543?
4
What is the thousands digit of 122125?
2
What is the units digit of 71809?
9
What is the thousands digit of 13664?
3
What is the hundreds digit of 7003?
0
What is the hundreds digit of 1999?
9
What is the hundreds digit of 3831?
8
What is the thousands digit of 10741?
0
What is the hundreds digit of 22234?
2
What is the units digit of 3852?
2
What is the hundreds digit of 8226?
2
What is the tens digit of 15?
1
What is the tens digit of 2513?
1
What is the units digit of 8919?
9
What is the hundreds digit of 51956?
9
What is the thousands digit of 46729?
6
What is the ten thousands digit of 43478?
4
What is the hundreds digit of 3911?
9
What is the units digit of 4509?
9
What is the units digit of 1810?
0
What is the hundreds digit of 1297?
2
What is the units digit of 7963?
3
What is the units digit of 76800?
0
What is the units digit of 885?
5
What is the tens digit of 9118?
1
What is the ten thousands digit of 23713?
2
What is the tens digit of 5841?
4
What is the thousands digit of 7954?
7
What is the hundreds digit of 1085?
0
What is the units digit of 280?
0
What is the tens digit of 2445?
4
What is the units digit of 76575?
5
What is the units digit of 2735?
5
What is the units digit of 2877?
7
What is the tens digit of 6253?
5
What is the units digit of 8094?
4
What is the units digit of 705?
5
What is the tens digit of 2756?
5
What is the tens digit of 12566?
6
What is the thousands digit of 54696?
4
What is the thousands digit of 6279?
6
What is the units digit of 90250?
0
What is the hundreds digit of 7297?
2
What is the tens digit of 12104?
0
What is the ten thousands digit of 15152?
1
What is the tens digit of 8933?
3
What is the ten thousands digit of 15901?
1
What is the units digit of 9122?
2
What is the hundreds digit of 228?
2
What is the tens digit of 75?
7
What is the tens digit of 3914?
1
What is the units digit of 38261?
1
What is the tens digit of 3773?
7
What is the hundreds digit of 16121?
1
What is the units digit of 2744?
4
What is the units digit of 1035?
5
What is the hundreds digit of 2096?
0
What is the thousands digit of 8795?
8
What is the tens digit of 12303?
0
What is the thousands digit of 64306?
4
What is the units digit of 173?
3
What is the ten thousands digit of 31161?
3
What is the units digit of 1255?
5
What is the ten thousands digit of 11571?
1
What is the tens digit of 4870?
7
What is the tens digit of 302?
0
What is the tens digit of 32270?
7
What is the hundreds digit of 705?
7
What is the hundreds digit of 987?
9
What is the hundreds digit of 4287?
2
What is the hundreds digit of 49416?
4
What is the tens digit of 1121?
2
What is the thousands digit of 7159?
7
What is the hundred thousands digit of 138732?
1
What is the tens digit of 1857?
5
What is the hundreds digit of 6872?
8
What is the units digit of 889?
9
What is the tens digit of 4341?
4
What is the units digit of 1487?
7
What is the hundreds digit of 7423?
4
What is the tens digit of 706?
0
What is the hundreds digit of 1276?
2
What is the tens digit of 10683?
8
What is the ten thousands digit of 151666?
5
What is the tens digit of 16493?
9
What is the units digit of 39746?
6
What is the thousands digit of 7228?
7
What is the thousands digit of 12944?
2
What is the units digit of 13690?
0
What is the thousands digit of 6683?
6
What is the ten thousands digit of 31025?
3
What is the units digit of 490?
0
What is the units digit of 13897?
7
What is the units digit of 64?
4
What is the hundreds digit of 412?
4
What is the tens digit of 209?
0
What is the tens digit of 1201?
0
What is the units digit of 52270?
0
What is the units digit of 1908?
8
What is the hundreds digit of 1168?
1
What is the ten thousands digit of 19717?
1
What is the units digit of 556?
6
What is the thousands digit of 4924?
4
What is the tens digit of 50168?
6
What is the tens digit of 2552?
5
What is the units digit of 10488?
8
What is the thousands digit of 8314?
8
What is the thousands digit of 1491?
1
What is the tens digit of 322?
2
What is the thousands digit of 2510?
2
What is the units digit of 2431?
1
What is the tens digit of 916?
1
What is the units digit of 25597?
7
What is the units digit of 14188?
8
What is the units digit of 1026?
6
What is the hundreds digit of 10370?
3
What is the thousands digit of 7080?
7
What is the ten thousands digit of 20783?
2
What is the tens digit of 21752?
5
What is the tens digit of 25?
2
What is the thousands digit of 3877?
3
What is the thousands digit of 9940?
9
What is the units digit of 117?
7
What is the hundreds digit of 1725?
7
What is the hundreds digit of 905?
9
What is the hundreds digit of 12728?
7
What is the hundreds digit of